the tens digit of 2018?
1
What is the tens digit of 451?
5
What is the tens digit of 50?
5
What is the thousands digit of 3248?
3
What is the tens digit of 1197?
9
What is the hundreds digit of 392?
3
What is the units digit of 18?
8
What is the units digit of 8655?
5
What is the hundreds digit of 65465?
4
What is the ten thousands digit of 18230?
1
What is the units digit of 737?
7
What is the units digit of 32?
2
What is the hundreds digit of 138?
1
What is the hundreds digit of 2513?
5
What is the hundreds digit of 647?
6
What is the hundreds digit of 2515?
5
What is the thousands digit of 2599?
2
What is the units digit of 1658?
8
What is the units digit of 125003?
3
What is the thousands digit of 1974?
1
What is the tens digit of 35296?
9
What is the hundreds digit of 2778?
7
What is the thousands digit of 28005?
8
What is the tens digit of 2601?
0
What is the hundreds digit of 159464?
4
What is the hundreds digit of 53123?
1
What is the units digit of 1129?
9
What is the units digit of 1139?
9
What is the thousands digit of 53166?
3
What is the tens digit of 4844?
4
What is the tens digit of 974?
7
What is the units digit of 3557?
7
What is the units digit of 1196?
6
What is the units digit of 31054?
4
What is the tens digit of 48309?
0
What is the ten thousands digit of 91337?
9
What is the units digit of 6327?
7
What is the hundreds digit of 1207?
2
What is the units digit of 8175?
5
What is the hundreds digit of 1754?
7
What is the units digit of 4525?
5
What is the thousands digit of 48992?
8
What is the hundreds digit of 4441?
4
What is the units digit of 236?
6
What is the hundreds digit of 1832?
8
What is the hundreds digit of 9496?
4
What is the units digit of 5265?
5
What is the tens digit of 630?
3
What is the tens digit of 1243?
4
What is the units digit of 1575?
5
What is the units digit of 28107?
7
What is the hundreds digit of 13421?
4
What is the hundreds digit of 3676?
6
What is the units digit of 63495?
5
What is the hundreds digit of 25077?
0
What is the tens digit of 18200?
0
What is the units digit of 732?
2
What is the thousands digit of 31310?
1
What is the thousands digit of 13591?
3
What is the hundreds digit of 109476?
4
What is the ten thousands digit of 112329?
1
What is the thousands digit of 1755?
1
What is the hundreds digit of 6027?
0
What is the units digit of 2532?
2
What is the tens digit of 35809?
0
What is the tens digit of 1554?
5
What is the hundreds digit of 1387?
3
What is the hundreds digit of 1388?
3
What is the hundreds digit of 87855?
8
What is the thousands digit of 17542?
7
What is the ten thousands digit of 78655?
7
What is the tens digit of 12751?
5
What is the ten thousands digit of 14944?
1
What is the thousands digit of 27094?
7
What is the tens digit of 23281?
8
What is the hundreds digit of 1676?
6
What is the thousands digit of 36711?
6
What is the hundreds digit of 6278?
2
What is the tens digit of 16362?
6
What is the hundreds digit of 2947?
9
What is the hundreds digit of 6554?
5
What is the hundreds digit of 21796?
7
What is the tens digit of 72700?
0
What is the tens digit of 2468?
6
What is the hundreds digit of 34309?
3
What is the units digit of 1999?
9
What is the tens digit of 697?
9
What is the units digit of 17952?
2
What is the thousands digit of 26075?
6
What is the units digit of 766?
6
What is the hundreds digit of 279?
2
What is the hundreds digit of 1399?
3
What is the hundreds digit of 1564?
5
What is the units digit of 1808?
8
What is the units digit of 191164?
4
What is the tens digit of 10918?
1
What is the units digit of 3209?
9
What is the hundreds digit of 58699?
6
What is the units digit of 6020?
0
What is the tens digit of 19696?
9
What is the hundreds digit of 10742?
7
What is the units digit of 1967?
7
What is the tens digit of 125423?
2
What is the tens digit of 9281?
8
What is the thousands digit of 3785?
3
What is the thousands digit of 2672?
2
What is the ten thousands digit of 59706?
5
What is the tens digit of 1922?
2
What is the thousands digit of 13592?
3
What is the hundreds digit of 927?
9
What is the tens digit of 4692?
9
What is the thousands digit of 19883?
9
What is the hundreds digit of 1251?
2
What is the units digit of 866?
6
What is the hundreds digit of 1012?
0
What is the tens digit of 10226?
2
What is the tens digit of 2876?
7
What is the units digit of 69568?
8
What is the units digit of 1918?
8
What is the thousands digit of 15995?
5
What is the hundreds digit of 160?
1
What is the units digit of 22529?
9
What is the thousands digit of 1176?
1
What is the thousands digit of 4604?
4
What is the thousands digit of 3283?
3
What is the units digit of 2486?
6
What is the tens digit of 3560?
6
What is the thousands digit of 1492?
1
What is the hundreds digit of 860?
8
What is the hundreds digit of 3700?
7
What is the tens digit of 1490?
9
What is the ten thousands digit of 26150?
2
What is the thousands digit of 78582?
8
What is the hundreds digit of 2764?
7
What is the hundreds digit of 16566?
5
What is the units digit of 1410?
0
What is the thousands digit of 3534?
3
What is the hundreds digit of 985?
9
What is the units digit of 7397?
7
What is the units digit of 923?
3
What is the hundreds digit of 438?
4
What is the hundreds digit of 740?
7
What is the tens digit of 5680?
8
What is the tens digit of 57638?
3
What is the units digit of 486?
6
What is the thousands digit of 45174?
5
What is the hundreds digit of 263?
2
What is the ten thousands digit of 19913?
1
What is the tens digit of 825?
2
What is the thousands digit of 3084?
3
What is the units digit of 8583?
3
What is the hundreds digit of 4283?
2
What is the ten thousands digit of 43748?
4
What is the thousands digit of 1023?
1
What is the units digit of 40912?
2
What is the ten thousands digit of 22040?
2
What is the hundreds digit of 283?
2
What is the hundreds digit of 17681?
6
What is the units digit of 3726?
6
What is the units digit of 8510?
0
What is the hundreds digit of 42420?
4
What is the thousands digit of 5693?
5
What is the hundreds digit of 5932?
9
What is the tens digit of 18741?
4
What is the units digit of 114?
4
What is the hundreds digit of 87509?
5
What is the thousands digit of 26860?
6
What is the tens digit of 2868?
6
What is the units digit of 14587?
7
What is the thousands digit of 7724?
7
What is the units digit of 4788?
8
What is the thousands digit of 48533?
8
What is the tens digit of 2041?
4
What is the tens digit of 5689?
8
What is the thousands digit of 8271?
8
What is the units digit of 26970?
0
What is the ten thousands digit of 48524?
4
What is the hundreds digit of 490?
4
What is the ten thousands digit of 21809?
2
What is the units digit of 58978?
8
What is the hundreds digit of 2709?
7
What is the tens digit of 2642?
4
What is the tens digit of 816?
1
What is the thousands digit of 12101?
2
What is the units digit of 1640?
0
What is the units digit of 584?
4
What is the thousands digit of 9841?
9
What is the units digit of 70?
0
What is the units digit of 40228?
8
What is the tens digit of 186305?
0
What is the hundreds digit of 9039?
0
What is the hundreds digit of 2348?
3
What is the hundred thousands digit of 119822?
1
What is the hundreds digit of 20743?
7
What is the hundreds digit of 47660?
6
What is the thousands digit of 72546?
2
What is the thousands digit of 1456?
1
What is the units digit of 18814?
4
What is the hundreds digit of 924?
9
What is the hundreds digit of 153417?
4
What is the tens digit of 4153?
5
What is the thousands digit of 4601?
4
What is the tens digit of 1701?
0
What is the tens digit of 1250?
5
What is the hundred thousands digit of 120162?
1
What is the units digit of 8340?
0
What is the units digit of 228?
8
What is the units digit of 483?
3
What is the units digit of 4054?
4
What is the hundreds digit of 2826?
8
What is the units digit of 41156?
6
What is the tens digit of 2852?
5
What is the tens digit of 66562?
6
What is the hundreds digit of 1499?
4
What is the units digit of 10195?
5
What is the thousands digit of 97998?
7
What is the hundreds digit of 3438?
4
What is the units digit of 939?
9
What is the tens digit of 839?
3
What is the ten thousands digit of 39201?
3
What is the thousands digit o